[encoded data, 205526 characters]\" style=\"height:67%; margin-bottom:0px; margin-left:0px; margin-right:0px; margin-top:0px; width:100%\" /></p><p>Para m&aacute;s informaci&oacute;n visit&aacute; nuestra web: <a href=\"http://www.iae.edu.ar\">http://www.iae.edu.ar</a><br />Si ten&eacute;s dudas o problemas dejanos tus consultas por email a trav&eacute;s del siguiente link:&nbsp;<a href=\"mailto:alumni@iae.edu.ar?subject=Ayuda%20IAE%20Connect&amp;body=Nombre%3A%0A%0AApellido%3A%0A%0APrograma%3A%0A%0AA%C3%B1o%3A%0A%0ADescripci%C3%B3n%20del%20Problema%3A%0A\">Ayuda IAE Connect</a></p><p>&nbsp;</p><p>IAE Connect is&nbsp;Powered by <a href=\"http://www.lyncros.com\">Lyncros</a></p><p>&nbsp;</p><p>&nbsp;</p><p>&nbsp;</p><p>&nbsp;</p><p>&nbsp;</p>','2018-02-28 18:27:28','2018-05-24 13:55:54',NULL);

--
-- Table structure for table `encuesta_idioma`
--

CREATE TABLE `encuesta_idioma` (
  `id_encuesta` int(10) unsigned NOT NULL,
  `id_idioma` int(10) unsigned NOT NULL,
  `titulo` longtext COLLATE utf8mb4_unicode_ci NOT NULL,
  `descripcion` longtext COLLATE utf8mb4_unicode_ci,
  `created_at` timestamp NULL DEFAULT NULL,
  `updated_at` timestamp NULL DEFAULT NULL,
  PRIMARY KEY (`id_encuesta`,`id_idioma`)
) ENGINE=InnoDB DEFAULT CHARSET=utf8mb4 COLLATE=utf8mb4_unicode_ci;

--
-- Dumping data for table `encuesta_idioma`
--

INSERT INTO `encuesta_idioma` VALUES (21,1,'Encuesta  de Prueba','<p>Encuesta de prueba para medir satisfacci&oacute;n de contenidos.&nbsp;</p>','2018-03-16 13:07:45','2018-03-16 13:07:45'),(22,1,'Encuesta  de Prueba','<p>Encuesta de prueba para medir satisfacci&oacute;n de contenidos.&nbsp;</p>','2018-03-16 13:07:53','2018-03-16 13:07:53'),(23,1,'Encuesta 1','<p>Encuesta de prueba</p>','2018-03-16 13:35:38','2018-03-16 13:35:38'),(24,1,'Encuesta de Satisfacción',NULL,'2018-03-16 14:26:52','2018-03-16 14:26:52');

--
-- Table structure for table `encuestas`
--

CREATE TABLE `encuestas` (
  `id` int(10) unsigned NOT NULL AUTO_INCREMENT,
  `encuesta` varchar(255) COLLATE utf8mb4_unicode_ci NOT NULL,
  `created_at` timestamp NULL DEFAULT NULL,
  `updated_at` timestamp NULL DEFAULT NULL,
  `id_evento` int(10) unsigned NOT NULL,
  `tipo` smallint(6) NOT NULL DEFAULT '2',
  `descripcion` text COLLATE utf8mb4_unicode_ci,
  `deleted_at` timestamp NULL DEFAULT NULL,
  PRIMARY KEY (`id`),
  KEY `encuestas_id_evento_foreign` (`id_evento`),
  CONSTRAINT `encuestas_id_evento_foreign` FOREIGN KEY (`id_evento`) REFERENCES `eventos` (`id`) ON DELETE CASCADE
) ENGINE=InnoDB AUTO_INCREMENT=25 DEFAULT CHARSET=utf8mb4 COLLATE=utf8mb4_unicode_ci;

--
-- Dumping data for table `encuestas`
--

INSERT INTO `encuestas` VALUES (21,'Encuesta  de Prueba','2018-03-16 13:07:45','2018-03-16 13:07:45',40,2,'<p>Encuesta de prueba para medir satisfacci&oacute;n de contenidos.&nbsp;</p>',NULL),(22,'Encuesta  de Prueba','2018-03-16 13:07:53','2018-03-16 13:07:53',40,2,'<p>Encuesta de prueba para medir satisfacci&oacute;n de contenidos.&nbsp;</p>',NULL),(23,'Encuesta 1','2018-03-16 13:35:38','2018-03-16 13:35:38',40,2,'<p>Encuesta de prueba</p>',NULL),(24,'Encuesta de Satisfacción','2018-03-16 14:26:52','2018-03-16 14:26:52',37,2,'desc',NULL);

--
-- Table structure for table `etiquetas`
--

CREATE TABLE `etiquetas` (
  `id` int(10) unsigned NOT NULL AUTO_INCREMENT,
  `etiqueta` varchar(255) COLLATE utf8mb4_unicode_ci NOT NULL,
  `created_at` timestamp NULL DEFAULT NULL,
  `updated_at` timestamp NULL DEFAULT NULL,
  `color` int(11) NOT NULL,
  `deleted_at` timestamp NULL DEFAULT NULL,
  `id_category` int(10) unsigned DEFAULT NULL,
  PRIMARY KEY (`id`),
  KEY `etiquetas_id_category_foreign` (`id_category`),
  CONSTRAINT `etiquetas_id_category_foreign` FOREIGN KEY (`id_category`) REFERENCES `categoria_etiquetas` (`id`)
) ENGINE=InnoDB AUTO_INCREMENT=58 DEFAULT CHARSET=utf8mb4 COLLATE=utf8mb4_unicode_ci;

--
-- Dumping data for table `etiquetas`
--

INSERT INTO `etiquetas` VALUES (1,'Estrategia y Management','2017-08-08 17:16:58','2018-04-20 14:13:31',2,NULL,1),(2,'Control',NULL,'2018-04-26 19:53:58',0,'2018-04-26 19:53:58',1),(3,'Creatividad',NULL,'2018-04-26 19:59:10',0,'2018-04-26 19:59:10',1),(4,'Liderazgo',NULL,'2018-04-26 20:05:58',0,'2018-04-26 20:05:58',1),(5,'Dueño',NULL,'2018-04-26 19:14:50',0,'2018-04-26 19:14:50',2),(6,'Emprendedor',NULL,'2018-04-26 19:28:10',2,'2018-04-26 19:28:10',2),(7,'Gerente de área',NULL,'2018-04-26 19:17:30',0,NULL,2),(8,'Jefe',NULL,'2018-03-28 19:05:53',0,NULL,2),(9,'Pyme',NULL,'2018-04-26 19:28:58',0,'2018-04-26 19:28:58',2),(10,'Nueva','2018-03-01 14:37:45','2018-03-02 03:54:27',0,'2018-03-02 03:54:27',1),(11,'2','2018-03-01 21:16:41','2018-03-02 03:54:27',0,'2018-03-02 03:54:27',1),(12,'Coaching','2018-03-02 03:55:13','2018-04-26 20:38:50',0,'2018-04-26 20:38:50',1),(13,'Compliance','2018-03-02 12:23:51','2018-04-26 20:40:18',0,'2018-04-26 20:40:18',1),(14,'RRHH','2018-03-02 12:24:09','2018-04-26 20:10:24',0,'2018-04-26 20:10:24',1),(15,'Real Estate','2018-03-02 12:24:44','2018-04-26 20:08:07',0,'2018-04-26 20:08:07',1),(16,'Finanzas','2018-03-02 12:25:00','2018-03-02 12:25:00',0,NULL,1),(17,'Gestión del Cambio','2018-03-02 12:25:18','2018-04-26 20:40:30',0,'2018-04-26 20:40:30',1),(18,'Marketing','2018-03-02 12:25:56','2018-04-26 20:06:41',0,'2018-04-26 20:06:41',1),(19,'Negociación','2018-03-02 12:26:11','2018-03-02 12:26:11',0,NULL,1),(20,'Políticas Públicas','2018-03-02 12:26:38','2018-04-26 20:40:42',0,'2018-04-26 20:40:42',1),(21,'Project Management','2018-03-02 12:26:56','2018-04-26 20:40:55',0,'2018-04-26 20:40:55',1),(22,'Pymes','2018-03-02 12:27:33','2018-04-26 20:09:35',0,'2018-04-26 20:09:35',1),(23,'Retail','2018-03-02 12:27:50','2018-04-26 20:41:08',0,'2018-04-26 20:41:08',1),(24,'Servicios','2018-03-02 12:28:04','2018-03-02 12:28:04',0,NULL,1),(25,'Ventas','2018-03-02 12:28:15','2018-04-26 20:41:19',0,'2018-04-26 20:41:19',1),(26,'Familia','2018-03-16 14:03:04','2018-03-28 19:12:24',0,'2018-03-28 19:12:24',1),(27,'Familia','2018-03-28 19:13:10','2018-04-26 19:52:44',0,'2018-04-26 19:52:44',1),(28,'Académico','2018-04-26 19:09:08','2018-04-26 19:09:08',0,NULL,2),(29,'Ceo/Presidente','2018-04-26 19:09:52','2018-04-26 19:09:52',0,NULL,2),(30,'Director de área','2018-04-26 19:10:26','2018-04-26 19:10:26',0,NULL,2),(31,'Dueño/Socio','2018-04-26 19:11:17','2018-04-26 19:11:17',0,NULL,2),(32,'Emprendedor','2018-04-26 19:11:52','2018-04-26 19:21:43',0,'2018-04-26 19:21:43',2),(33,'Emprendedor','2018-04-26 19:13:25','2018-04-26 19:13:25',0,NULL,2),(34,'En búsqueda laboral','2018-04-26 19:14:00','2018-04-26 19:14:00',0,NULL,2),(35,'Gerente','2018-04-26 19:18:45','2018-04-26 19:22:47',0,'2018-04-26 19:22:47',2),(36,'Presidente','2018-04-26 19:24:09','2018-04-26 19:24:09',0,NULL,2),(37,'Independiente/ Consultor','2018-04-26 19:25:10','2018-05-17 11:32:45',0,NULL,2),(38,'Staff','2018-04-26 19:26:30','2018-04-26 19:26:30',0,NULL,2),(39,'Comercial','2018-04-26 19:31:50','2018-04-26 19:31:50',0,NULL,1),(40,'Control','2018-04-26 19:32:19','2018-04-26 19:32:19',0,NULL,1),(41,'Costos','2018-04-26 19:33:05','2018-04-26 19:33:05',0,NULL,1),(42,'Disrupción Tecnológica','2018-04-26 19:36:16','2018-04-26 19:36:16',0,NULL,1),(43,'Economía','2018-04-26 19:36:43','2018-04-26 19:36:43',0,NULL,1),(44,'Entrepreneurship','2018-04-26 19:37:45','2018-04-26 19:37:45',0,NULL,1),(45,'Estrategia y Management','2018-04-26 19:38:29','2018-04-26 19:54:20',0,'2018-04-26 19:54:20',1),(46,'Familia y Reflexión','2018-04-26 19:39:03','2018-04-26 19:39:03',0,NULL,1),(47,'Finanzas','2018-04-26 19:39:53','2018-04-26 20:03:43',0,'2018-04-26 20:03:43',1),(48,'Formación Gerencial','2018-04-26 19:40:51','2018-04-26 19:40:51',0,NULL,1),(49,'Gestión de Procesos','2018-04-26 19:41:27','2018-04-26 20:01:37',0,'2018-04-26 20:01:37',1),(50,'Gestión y Procesos','2018-04-26 19:49:33','2018-04-26 19:49:33',0,NULL,1),(51,'Innovación y Creatividad','2018-04-26 19:50:02','2018-04-26 19:50:02',0,NULL,1),(52,'Liderazgo','2018-04-26 19:50:34','2018-04-26 19:50:34',0,NULL,1),(53,'Marketing y Comunicación','2018-04-26 19:51:01','2018-04-26 19:51:01',0,NULL,1),(54,'Negociación','2018-04-26 19:56:16','2018-04-26 20:07:39',0,'2018-04-26 20:07:39',1),(55,'Pymes','2018-04-26 19:56:44','2018-04-26 19:56:44',0,NULL,1),(56,'Recursos Humanos','2018-04-26 19:57:08','2018-04-26 19:57:08',0,NULL,1),(57,'Servicios','2018-04-26 19:57:32','2018-04-26 20:11:10',0,'2018-04-26 20:11:10',1);

--
-- Table structure for table `eventos`
--

CREATE TABLE `eventos` (
  `id` int(10) unsigned NOT NULL AUTO_INCREMENT,
  `titulo` varchar(255) COLLATE utf8mb4_unicode_ci NOT NULL,
  `descripcion` text COLLATE utf8mb4_unicode_ci,
  `fecha_inicio` datetime DEFAULT NULL,
  `fecha_fin` datetime DEFAULT NULL,
  `lugar` varchar(255) COLLATE utf8mb4_unicode_ci NOT NULL,
  `descripcion_lugar` text COLLATE utf8mb4_unicode_ci,
  `imagen` varchar(255) COLLATE utf8mb4_unicode_ci DEFAULT NULL,
  `latitud` varchar(255) COLLATE utf8mb4_unicode_ci DEFAULT NULL,
  `longitud` varchar(255) COLLATE utf8mb4_unicode_ci DEFAULT NULL,
  `tipo` varchar(255) COLLATE utf8mb4_unicode_ci DEFAULT 'evento',
  `created_at` timestamp NULL DEFAULT NULL,
  `updated_at` timestamp NULL DEFAULT NULL,
  `link_evento` varchar(255) COLLATE utf8mb4_unicode_ci DEFAULT NULL,
  `link_galeria` varchar(255) COLLATE utf8mb4_unicode_ci DEFAULT NULL,
  `deleted_at` timestamp NULL DEFAULT NULL,
  `publicado` smallint(6) NOT NULL DEFAULT '0',
  `link_inscripcion` varchar(255) COLLATE utf8mb4_unicode_ci DEFAULT NULL,
  `v2` tinyint(1) NOT NULL DEFAULT '0',
  `codigo` varchar(255) COLLATE utf8mb4_unicode_ci DEFAULT NULL,
  `id_admin` int(10) unsigned DEFAULT NULL,
  `id_plan` int(10) unsigned DEFAULT NULL,
  `galery` tinyint(1) NOT NULL DEFAULT '0',
  `id_tipoinscripcion` int(10) unsigned NOT NULL,
  `group` tinyint(1) NOT NULL DEFAULT '0',
  PRIMARY KEY (`id`),
  KEY `eventos_id_admin_foreign` (`id_admin`),
  KEY `eventos_id_plan_foreign` (`id_plan`),
  CONSTRAINT `eventos_id_admin_foreign` FOREIGN KEY (`id_admin`) REFERENCES `users` (`id`),
  CONSTRAINT `eventos_id_plan_foreign` FOREIGN KEY (`id_plan`) REFERENCES `planes_evento` (`id`)
) ENGINE=InnoDB AUTO_INCREMENT=50 DEFAULT CHARSET=utf8mb4 COLLATE=utf8mb4_unicode_ci;

--
-- Dumping data for table `eventos`
--

INSERT INTO `eventos` VALUES (37,'Ciclo de Creatividad: Piedra  libre al IAE','<p>Alexia Keglevich (PAD 2003) te invita al 1&deg; #CicloIAE del a&ntilde;o. Comenz&aacute; tu a&ntilde;o con ideas nuevas. Una jornada para inspirarte. Nuestra meta es que te lleves alguna idea para que la apliques en tu &aacute;mbito. Contaremos con la presencia de Fernando Fossati, Anita Rios, Santiago Senelnicof, Agust&iacute;n Serrate, Gonzalo Vidal, Nathalie Stevens y Marcos Amadeo, entre otros.</p><p>Fecha: 15/3, Campus IAE, Pilar.</p>','2018-03-15 08:30:21',NULL,'Campus del IAE',NULL,'http://iae.lyncros.com/images/image-1519952964.jpg','-34.454950','-58.860808','evento','2018-03-01 21:49:31','2018-05-14 16:29:48',NULL,NULL,'2018-05-14 16:29:48',1,NULL,1,NULL,NULL,1,0,0,0),(38,'Ciclo de reflexion',NULL,'2018-03-12 11:05:48',NULL,'Pilar',NULL,'http://iae.lyncros.com/images/image-1520863760.jpg',NULL,NULL,'evento','2018-03-12 14:06:37','2018-05-14 16:30:19',NULL,NULL,'2018-05-14 16:30:19',1,NULL,1,NULL,NULL,1,1,0,0),(39,'Ciclo de Actualidad Regional 2018','<p>Ciclo de Actualidad donde se discutir&aacute;n los temas de actualidad apuntando a los problemas econ&oacute;micos de la sociedad.&nbsp;</p>','2018-04-21 07:00:21',NULL,'IAE Bussines School',NULL,'http://iae.lyncros.com/images/image-1521203550.jpg',NULL,NULL,'evento','2018-03-15 20:47:43','2018-05-14 16:30:59',NULL,NULL,'2018-05-14 16:30:59',1,NULL,1,NULL,NULL,1,1,1,0),(40,'Ciclo Creativo Abril 2018',NULL,'2018-03-15 17:50:30',NULL,'IAE PILAR',NULL,NULL,NULL,NULL,'evento','2018-03-15 20:51:19','2018-03-27 21:17:29',NULL,NULL,'2018-03-27 21:17:29',1,NULL,1,NULL,NULL,1,0,0,0),(42,'IAE SUMMIT 2018',NULL,'2018-05-14 11:18:17',NULL,'La Rural- CABA',NULL,'http://iae.lyncros.com/images/image-1526307640.jpg',NULL,NULL,'evento','2018-05-14 14:20:40','2018-05-14 14:30:15',NULL,NULL,'2018-05-14 14:30:15',1,NULL,1,NULL,NULL,1,0,1,0),(43,'IAE SUMMIT 2018','<p>Creamos una red. Potenciamos aprendizajes, fortalecemos las conexiones y oportunidades.&nbsp;<br />Este a&ntilde;o, directivos y ejecutivos de Argentina y Latinoam&eacute;rica analizan los desaf&iacute;os de un contexto revolucionado y el rol de los empresarios para liderarlo.<br />Contaremos con la presencia de 5 speakers internacionales.<br /><br />El IAE SUMMIT es un evento abierto a toda la comunidad de empresarios de Argentina y la regi&oacute;n.<br /><br />&iexcl;Cuenta regresiva para el IAE SUMMIT! ENTRADAS AGOTADAS para el evento empresarial del a&ntilde;o.<br />29 de junio, acreditaci&oacute;n&nbsp;13:30 hs en predio La Rural<br />&iexcl;Seguinos! #IAESUMMIT #IAEBS #IAEALUMNI</p>','2018-06-29 13:30:12','2018-06-29 20:00:00','La Rural- CABA',NULL,'http://iae.lyncros.com/images/image-1530021833.jpg','-34.5781449','-58.42161','evento','2018-05-14 14:31:37','2018-06-29 16:38:09','http://www.iae.edu.ar/es/LaEscuela/Eventos/Paginas/IAE-Summit-2018.aspx',NULL,NULL,1,NULL,1,NULL,NULL,1,1,2,0),(44,'Prueba Jose',NULL,'2018-05-14 07:54:07','2018-05-14 17:03:00','Pilar',NULL,'http://iae.lyncros.com/images/image-1526328305.jpg',NULL,NULL,'evento','2018-05-14 20:05:05','2018-05-15 00:19:18',NULL,NULL,'2018-05-15 00:19:18',1,NULL,1,NULL,NULL,1,0,1,0),(45,'FAMILIA, MEDIOS Y ENTRETENIMIENTO','<p><strong>&iquest;Qu&eacute; desaf&iacute;os enfrentamos como padres?&nbsp;</strong><br />Taller para descubrir los desaf&iacute;os que los medios y el entretenimiento actual presentan en las familias.<br />El disparador ser&aacute; la Iniciativa Medios, Contenidos y Bienestar Infantil (IAE/Universidad Austral)</p>','2018-06-13 17:00:24',NULL,'IAE Campus Pilar',NULL,'http://iae.lyncros.com/images/image-1528396035.jpg','-34.454232','-58.8646603','evento','2018-06-07 18:07:40','2018-06-07 18:27:15','http://www.iae.edu.ar/es/LaEscuela/Eventos/Paginas/Ciclo-de-charlas-Familia-Medios-y-Entretenimiento.aspx',NULL,NULL,1,NULL,1,NULL,NULL,1,0,1,0),(46,'Prueba Sponsor',NULL,'2018-06-10 06:11:36','2018-06-10 17:00:00','Iae Campus Pilar',NULL,NULL,'Mariano Acosta s/n',NULL,'evento','2018-06-07 20:14:35','2018-06-07 20:35:50',NULL,NULL,'2018-06-07 20:35:50',1,NULL,1,NULL,NULL,1,0,2,0),(47,'Second chance: Trayectoria laboral, el desafío de reinventarse','<p>A medida que vamos avanzando en las etapas de carrera, se nos presentan diferentes desaf&iacute;os, nuevas oportunidades, dudas, tensiones y conflictos. Est&aacute; en cada uno aprovechar el cambio, reinventarse y renovarse. Manejo y protagonismo de la propia carrera.</p><p>&nbsp;</p><p><strong>****IMPORTANTE REGISTRACI&Oacute;N****</strong></p><p>Deber&aacute;s inscribirte a trav&eacute;s de la web en este link:&nbsp;<a href=\"https://bit.ly/2tXK5Yd\">https://bit.ly/2tXK5Yd</a></p><p>&nbsp;</p><p>ORADORES:</p><p>Caso en Vivo: Invitamos a Juan de la Cruz Fern&aacute;ndez Miranda. Empresario Pyme. Ex Jugador de la Selecci&oacute;n Nacional de Rugby de Argentina (Los Pumas). Ex jugador de rugby y entrenador de Hind&uacute; Club, varias veces campe&oacute;n del Torneo de la URBA y del Nacional de Clubes.</p><p>Como cierre: &nbsp;Pablo Taussig - Consultant at Spencer Stuart and Human Resources Consultant</p><p>Moderador: Ruben Figueiredo, profesor del &aacute;rea de Comportamiento humano en el IAE Business School.</p><p>&nbsp;</p>','2018-07-11 08:30:49','2018-07-11 13:00:00','IAE CAMPUS PILAR',NULL,'http://iae.lyncros.com/images/image-1528826045.jpg','-34.4544178','-58.8624963','evento','2018-06-10 21:23:26','2018-07-02 20:13:39','https://iae.edu.ar/es/LaEscuela/Eventos/Paginas/Ciclo-IAE-Alumni-Julio.aspx',NULL,NULL,1,NULL,1,NULL,NULL,1,0,2,0),(48,'Lanzamiento grupo Recursos Humanos',NULL,'2018-07-10 11:03:59',NULL,'Campus IAE',NULL,NULL,NULL,NULL,'evento','2018-07-10 14:04:54','2018-07-10 14:04:54',NULL,NULL,NULL,1,NULL,1,NULL,NULL,1,0,2,0),(49,'Encuentro Alumni Chile 2018','<p>Clase de Parrilla&nbsp;</p><p>Cocinamos, comemos, nos divertimos y fortalecemos networking.</p><p>Valor $35.000.- CLP, pago por anticipado.</p><p>Incluye entrada +&nbsp;plato de fondo +&nbsp;postre +&nbsp;2 bebidas + 2 cervezas + 1/2 botella de vino por persona.&nbsp;</p><p>Para participar contacta a Ramiro Blazquez a ramiroblazquez@vdh.jobs</p>','2018-08-30 19:30:55','2018-08-30 20:00:00','Weber Grill Academy - Nueva Costanera 3705 Vitacura',NULL,'http://iae.lyncros.com/images/image-1531876627.jpg',NULL,NULL,'evento','2018-07-18 01:17:07','2018-07-18 01:20:56',NULL,NULL,NULL,1,NULL,1,NULL,NULL,1,0,4,1);

--
-- Table structure for table `eventos_etiquetas`
--

CREATE TABLE `eventos_etiquetas` (
  `id` int(10) unsigned NOT NULL AUTO_INCREMENT,
  `id_evento` int(10) unsigned DEFAULT NULL,
  `id_etiqueta` int(10) unsigned DEFAULT NULL,
  `created_at` timestamp NULL DEFAULT NULL,
  `updated_at` timestamp NULL DEFAULT NULL,
  PRIMARY KEY (`id`),
  KEY `eventos_etiquetas_id_evento_foreign` (`id_evento`),
  KEY `eventos_etiquetas_id_etiqueta_foreign` (`id_etiqueta`),
  CONSTRAINT `eventos_etiquetas_id_etiqueta_foreign` FOREIGN KEY (`id_etiqueta`) REFERENCES `etiquetas` (`id`),
  CONSTRAINT `eventos_etiquetas_id_evento_foreign` FOREIGN KEY (`id_evento`) REFERENCES `eventos` (`id`)
) ENGINE=InnoDB AUTO_INCREMENT=824 DEFAULT CHARSET=utf8mb4 COLLATE=utf8mb4_unicode_ci;

--
-- Dumping data for table `eventos_etiquetas`
--

INSERT INTO `eventos_etiquetas` VALUES (42,38,3,'2018-03-12 14:09:20','2018-03-12 14:09:20'),(43,38,12,'2018-03-12 14:09:20','2018-03-12 14:09:20'),(44,38,14,'2018-03-12 14:09:20','2018-03-12 14:09:20'),(83,39,3,'2018-03-28 19:06:42','2018-03-28 19:06:42'),(84,39,4,'2018-03-28 19:06:42','2018-03-28 19:06:42'),(85,39,13,'2018-03-28 19:06:42','2018-03-28 19:06:42'),(86,39,14,'2018-03-28 19:06:42','2018-03-28 19:06:42'),(87,39,6,'2018-03-28 19:06:42','2018-03-28 19:06:42'),(88,39,7,'2018-03-28 19:06:42','2018-03-28 19:06:42'),(158,37,3,'2018-05-14 16:29:31','2018-05-14 16:29:31'),(159,37,5,'2018-05-14 16:29:31','2018-05-14 16:29:31'),(160,37,6,'2018-05-14 16:29:31','2018-05-14 16:29:31'),(161,37,7,'2018-05-14 16:29:31','2018-05-14 16:29:31'),(162,37,8,'2018-05-14 16:29:31','2018-05-14 16:29:31'),(163,37,9,'2018-05-14 16:29:31','2018-05-14 16:29:31'),(176,45,28,'2018-06-07 18:27:15','2018-06-07 18:27:15'),(177,45,29,'2018-06-07 18:27:15','2018-06-07 18:27:15'),(178,45,30,'2018-06-07 18:27:15','2018-06-07 18:27:15'),(179,45,31,'2018-06-07 18:27:15','2018-06-07 18:27:15'),(180,45,33,'2018-06-07 18:27:15','2018-06-07 18:27:15'),(181,45,34,'2018-06-07 18:27:15','2018-06-07 18:27:15'),(182,45,7,'2018-06-07 18:27:15','2018-06-07 18:27:15'),(183,45,37,'2018-06-07 18:27:15','2018-06-07 18:27:15'),(184,45,8,'2018-06-07 18:27:15','2018-06-07 18:27:15'),(185,45,36,'2018-06-07 18:27:15','2018-06-07 18:27:15'),(186,45,38,'2018-06-07 18:27:15','2018-06-07 18:27:15'),(187,45,46,'2018-06-07 18:27:15','2018-06-07 18:27:15'),(667,43,28,'2018-06-29 16:38:08','2018-06-29 16:38:08'),(668,43,29,'2018-06-29 16:38:08','2018-06-29 16:38:08'),(669,43,30,'2018-06-29 16:38:08','2018-06-29 16:38:08'),(670,43,31,'2018-06-29 16:38:08','2018-06-29 16:38:08'),(671,43,33,'2018-06-29 16:38:08','2018-06-29 16:38:08'),(672,43,34,'2018-06-29 16:38:09','2018-06-29 16:38:09'),(673,43,7,'2018-06-29 16:38:09','2018-06-29 16:38:09'),(674,43,37,'2018-06-29 16:38:09','2018-06-29 16:38:09'),(675,43,8,'2018-06-29 16:38:09','2018-06-29 16:38:09'),(676,43,36,'2018-06-29 16:38:09','2018-06-29 16:38:09'),(677,43,38,'2018-06-29 16:38:09','2018-06-29 16:38:09'),(678,43,39,'2018-06-29 16:38:09','2018-06-29 16:38:09'),(679,43,40,'2018-06-29 16:38:09','2018-06-29 16:38:09'),(680,43,41,'2018-06-29 16:38:09','2018-06-29 16:38:09'),(681,43,42,'2018-06-29 16:38:09','2018-06-29 16:38:09'),(682,43,43,'2018-06-29 16:38:09','2018-06-29 16:38:09'),(683,43,44,'2018-06-29 16:38:09','2018-06-29 16:38:09'),(684,43,1,'2018-06-29 16:38:09','2018-06-29 16:38:09'),(685,43,46,'2018-06-29 16:38:09','2018-06-29 16:38:09'),(686,43,16,'2018-06-29 16:38:09','2018-06-29 16:38:09'),(687,43,48,'2018-06-29 16:38:09','2018-06-29 16:38:09'),(688,43,50,'2018-06-29 16:38:09','2018-06-29 16:38:09'),(689,43,51,'2018-06-29 16:38:09','2018-06-29 16:38:09'),(690,43,52,'2018-06-29 16:38:09','2018-06-29 16:38:09'),(691,43,53,'2018-06-29 16:38:09','2018-06-29 16:38:09'),(692,43,19,'2018-06-29 16:38:09','2018-06-29 16:38:09'),(693,43,55,'2018-06-29 16:38:09','2018-06-29 16:38:09'),(694,43,56,'2018-06-29 16:38:09','2018-06-29 16:38:09'),(695,43,24,'2018-06-29 16:38:09','2018-06-29 16:38:09'),(808,47,28,'2018-07-02 20:13:39','2018-07-02 20:13:39'),(809,47,29,'2018-07-02 20:13:39','2018-07-02 20:13:39'),(810,47,30,'2018-07-02 20:13:39','2018-07-02 20:13:39'),(811,47,31,'2018-07-02 20:13:39','2018-07-02 20:13:39'),(812,47,33,'2018-07-02 20:13:39','2018-07-02 20:13:39'),(813,47,34,'2018-07-02 20:13:39','2018-07-02 20:13:39'),(814,47,7,'2018-07-02 20:13:39','2018-07-02 20:13:39'),(815,47,37,'2018-07-02 20:13:39','2018-07-02 20:13:39'),(816,47,8,'2018-07-02 20:13:39','2018-07-02 20:13:39'),(817,47,36,'2018-07-02 20:13:39','2018-07-02 20:13:39'),(818,47,38,'2018-07-02 20:13:39','2018-07-02 20:13:39'),(819,47,40,'2018-07-02 20:13:39','2018-07-02 20:13:39'),(820,47,50,'2018-07-02 20:13:39','2018-07-02 20:13:39'),(821,47,52,'2018-07-02 20:13:39','2018-07-02 20:13:39'),(822,47,19,'2018-07-02 20:13:39','2018-07-02 20:13:39'),(823,47,55,'2018-07-02 20:13:39','2018-07-02 20:13:39');

--
-- Table structure for table `eventos_idioma`
--

CREATE TABLE `eventos_idioma` (
  `id_evento` int(10) unsigned NOT NULL,
  `id_idioma` int(10) unsigned NOT NULL,
  `titulo` longtext COLLATE utf8mb4_unicode_ci NOT NULL,
  `descripcion` text COLLATE utf8mb4_unicode_ci,
  `lugar` longtext COLLATE utf8mb4_unicode_ci NOT NULL,
  `descripcion_lugar` text COLLATE utf8mb4_unicode_ci,
  `created_at` timestamp NULL DEFAULT NULL,
  `updated_at` timestamp NULL DEFAULT NULL,
  PRIMARY KEY (`id_evento`,`id_idioma`)
) ENGINE=InnoDB DEFAULT CHARSET=utf8mb4 COLLATE=utf8mb4_unicode_ci;

--
-- Dumping data for table `eventos_idioma`
--

INSERT INTO `eventos_idioma` VALUES (37,1,'Ciclo de Creatividad: Piedra  libre al IAE','<p>Alexia Keglevich (PAD 2003) te invita al 1&deg; #CicloIAE del a&ntilde;o. Comenz&aacute; tu a&ntilde;o con ideas nuevas. Una jornada para inspirarte. Nuestra meta es que te lleves alguna idea para que la apliques en tu &aacute;mbito. Contaremos con la presencia de Fernando Fossati, Anita Rios, Santiago Senelnicof, Agust&iacute;n Serrate, Gonzalo Vidal, Nathalie Stevens y Marcos Amadeo, entre otros.</p><p>Fecha: 15/3, Campus IAE, Pilar.</p>','Campus del IAE',NULL,'2018-05-14 16:29:31','2018-05-14 16:29:31'),(38,1,'Ciclo de reflexion',NULL,'Pilar',NULL,'2018-03-12 14:09:20','2018-03-12 14:09:20'),(39,1,'Ciclo de Actualidad Regional 2018','<p>Ciclo de Actualidad donde se discutir&aacute;n los temas de actualidad apuntando a los problemas econ&oacute;micos de la sociedad.&nbsp;</p>','IAE Bussines School',NULL,'2018-03-28 19:06:42','2018-03-28 19:06:42'),(40,1,'Ciclo Creativo Abril 2018',NULL,'IAE PILAR',NULL,'2018-03-22 19:39:58','2018-03-22 19:39:58'),(42,1,'IAE SUMMIT 2018',NULL,'La Rural- CABA',NULL,'2018-05-14 14:20:40','2018-05-14 14:20:40'),(43,1,'IAE SUMMIT 2018','<p>Creamos una red. Potenciamos aprendizajes, fortalecemos las conexiones y oportunidades.&nbsp;<br />Este a&ntilde;o, directivos y ejecutivos de Argentina y Latinoam&eacute;rica analizan los desaf&iacute;os de un contexto revolucionado y el rol de los empresarios para liderarlo.<br />Contaremos con la presencia de 5 speakers internacionales.<br /><br />El IAE SUMMIT es un evento abierto a toda la comunidad de empresarios de Argentina y la regi&oacute;n.<br /><br />&iexcl;Cuenta regresiva para el IAE SUMMIT! ENTRADAS AGOTADAS para el evento empresarial del a&ntilde;o.<br />29 de junio, acreditaci&oacute;n&nbsp;13:30 hs en predio La Rural<br />&iexcl;Seguinos! #IAESUMMIT #IAEBS #IAEALUMNI</p>','La Rural- CABA',NULL,'2018-06-29 16:38:09','2018-06-29 16:38:09'),(44,1,'Prueba Jose',NULL,'Pilar',NULL,'2018-05-15 00:18:47','2018-05-15 00:18:47'),(45,1,'FAMILIA, MEDIOS Y ENTRETENIMIENTO','<p><strong>&iquest;Qu&eacute; desaf&iacute;os enfrentamos como padres?&nbsp;</strong><br />Taller para descubrir los desaf&iacute;os que los medios y el entretenimiento actual presentan en las familias.<br />El disparador ser&aacute; la Iniciativa Medios, Contenidos y Bienestar Infantil (IAE/Universidad Austral)</p>','IAE Campus Pilar',NULL,'2018-06-07 18:27:15','2018-06-07 18:27:15'),(46,1,'Prueba Sponsor',NULL,'Iae Campus Pilar',NULL,'2018-06-07 20:14:35','2018-06-07 20:14:35'),(47,1,'Second chance: Trayectoria laboral, el desafío de reinventarse','<p>A medida que vamos avanzando en las etapas de carrera, se nos presentan diferentes desaf&iacute;os, nuevas oportunidades, dudas, tensiones y conflictos. Est&aacute; en cada uno aprovechar el cambio, reinventarse y renovarse. Manejo y protagonismo de la propia carrera.</p><p>&nbsp;</p><p><strong>****IMPORTANTE REGISTRACI&Oacute;N****</strong></p><p>Deber&aacute;s inscribirte a trav&eacute;s de la web en este link:&nbsp;<a href=\"https://bit.ly/2tXK5Yd\">https://bit.ly/2tXK5Yd</a></p><p>&nbsp;</p><p>ORADORES:</p><p>Caso en Vivo: Invitamos a Juan de la Cruz Fern&aacute;ndez Miranda. Empresario Pyme. Ex Jugador de la Selecci&oacute;n Nacional de Rugby de Argentina (Los Pumas). Ex jugador de rugby y entrenador de Hind&uacute; Club, varias veces campe&oacute;n del Torneo de la URBA y del Nacional de Clubes.</p><p>Como cierre: &nbsp;Pablo Taussig - Consultant at Spencer Stuart and Human Resources Consultant</p><p>Moderador: Ruben Figueiredo, profesor del &aacute;rea de Comportamiento humano en el IAE Business School.</p><p>&nbsp;</p>','IAE CAMPUS PILAR',NULL,'2018-07-02 20:13:39','2018-07-02 20:13:39'),(48,1,'Lanzamiento grupo Recursos Humanos',NULL,'Campus IAE',NULL,'2018-07-10 14:04:54','2018-07-10 14:04:54'),(49,1,'Encuentro Alumni Chile 2018','<p>Clase de Parrilla&nbsp;</p><p>Cocinamos, comemos, nos divertimos y fortalecemos networking.</p><p>Valor $35.000.- CLP, pago por anticipado.</p><p>Incluye entrada +&nbsp;plato de fondo +&nbsp;postre +&nbsp;2 bebidas + 2 cervezas + 1/2 botella de vino por persona.&nbsp;</p><p>Para participar contacta a Ramiro Blazquez a ramiroblazquez@vdh.jobs</p>','Weber Grill Academy - Nueva Costanera 3705 Vitacura',NULL,'2018-07-18 01:20:56','2018-07-18 01:20:56');

--
-- Table structure for table `expositor`
--

CREATE TABLE `expositor` (
  `id` int(10) unsigned NOT NULL AUTO_INCREMENT,
  `nombre` varchar(255) COLLATE utf8mb4_unicode_ci NOT NULL,
  `ocupacion` varchar(255) COLLATE utf8mb4_unicode_ci NOT NULL,
  `foto` varchar(255) COLLATE utf8mb4_unicode_ci DEFAULT NULL,
  `biografia` text COLLATE utf8mb4_unicode_ci,
  `linkedin` varchar(255) COLLATE utf8mb4_unicode_ci DEFAULT NULL,
  `created_at` timestamp NULL DEFAULT NULL,
  `updated_at` timestamp NULL DEFAULT NULL,
  `id_evento` int(10) unsigned NOT NULL,
  `deleted_at` timestamp NULL DEFAULT NULL,
  `thumbnail` text COLLATE utf8mb4_unicode_ci,
  PRIMARY KEY (`id`),
  KEY `expositor_id_evento_foreign` (`id_evento`),
  CONSTRAINT `expositor_id_evento_foreign` FOREIGN KEY (`id_evento`) REFERENCES `eventos` (`id`) ON DELETE CASCADE
) ENGINE=InnoDB AUTO_INCREMENT=82 DEFAULT CHARSET=utf8mb4 COLLATE=utf8mb4_unicode_ci;

--
-- Dumping data for table `expositor`
--

INSERT INTO `expositor` VALUES (62,'Fernando Fossati','Fundador Acumen','http://iae.lyncros.com/images/image-1519942979.jpg',NULL,'','2018-03-01 22:22:59','2018-03-02 01:12:37',37,NULL,'http://iae.lyncros.com/images/image-1519942979.jpg-thumb.jpg'),(63,'Anita Rios','Directora General Creativa @ Walter Thomson','http://iae.lyncros.com/images/image-1519943178.jpg',NULL,'','2018-03-01 22:26:01','2018-03-01 22:26:18',37,NULL,'http://iae.lyncros.com/images/image-1519943178.jpg-thumb.jpg'),(64,'Antonio nieto','Filósofo','http://iae.lyncros.com/images/image-1523039762.jpg',NULL,'','2018-03-12 14:11:25','2018-04-06 18:36:02',38,NULL,'http://iae.lyncros.com/images/image-1523039762.jpg-thumb.jpg'),(65,'Ernesto Ruete Güemes','Director de Alumni','http://iae.lyncros.com/images/image-1522184489.jpg',NULL,'','2018-03-16 12:27:52','2018-03-27 21:01:29',39,NULL,'http://iae.lyncros.com/images/image-1522184489.jpg-thumb.jpg'),(66,'Barbara Kellerman','Harvard Kennedy School| Estados Unidos','http://iae.lyncros.com/images/image-1526309083.jpg','<p>Profesora y Directora Ejecutiva fundadora del Centro de Liderazgo P&uacute;blico en Harvard Kennedy School. Estuvo a cargo de c&aacute;tedras en varias universidades como Fordham, Tufts, Fairleigh Dickinson, George Washington, etc. Fue decana de la escuela de posgrados e investigaciones de Fairleigh Dickinson y Directora del Centro de Estudios de Liderazgo de la Universidad de Maryland. Kellerman es graduada en estudios rusos y europeos por Sarah Lawrence College, con un Master en Filosof&iacute;a y un PhD en Ciencias Pol&iacute;ticas de la Universidad de Yale. Autora de varios libros y conferencista, dio charlas en distintos pa&iacute;ses alrededor del mundo: Berl&iacute;n, Londres, Mosc&uacute;, Roma, Sao Paolo, Shanghai, Z&uacute;rich, St. Gallen, Jerusal&eacute;n, Turin, Toronto, Montreal, Mumbai, Nueva Delhi, &Aacute;msterdam, Kioto, M&uacute;nich, Beijing, S&iacute;dney, y Buenos Aires.</p>','','2018-05-14 14:44:23','2018-05-14 18:49:50',43,NULL,'http://iae.lyncros.com/images/image-1526309083.jpg-thumb.jpg'),(67,'Stefan Voss','Director del Instituto de Sistemas de Información en la Universidad de Hamburgo|Alemania','http://iae.lyncros.com/images/image-1526322437.jpg','<p>Profesor y director del Instituto de Sistemas de Informaci&oacute;n de la Universidad de Hamburgo. Desde 1995 a 2002 fue profesor y Director del Departamento de Administraci&oacute;n de Empresas y Sistemas de la Universidad Tecnol&oacute;gica de Braunschweig (Alemania). Stefen es graduado en Matem&aacute;tica y Econom&iacute;a por la Universidad de Hamburgo y PhD en Tecnolog&iacute;a por la Universidad Tecnol&oacute;gica de Darmstadt. Actualmente sus investigaciones se centran en los enfoques de sistemas de informaci&oacute;n cuantitativa, supply chain y log&iacute;stica, incluyendo los transportes p&uacute;blicos y las telecomunicaciones. Es autor de varios libros, papers y art&iacute;culos, conferencista y consultor de distintas empresas.</p>','','2018-05-14 18:26:43','2018-05-14 18:27:17',43,NULL,'http://iae.lyncros.com/images/image-1526322437.jpg-thumb.jpg'),(68,'Juan Llach','Profesor emérito IAE Business School|Argentina','http://iae.lyncros.com/images/image-1526323034.jpg','<p>Profesor em&eacute;rito del IAE-Universidad Austral. All&iacute; dirige el GESE (Centro de Estudios de Gobierno, Empresa, Sociedad y Econom&iacute;a), el Programa de Gobierno para el Desarrollo de L&iacute;deres de Comunidades Locales y los proyectos Equidad educativa, Federalismo, Poderes globales, poderes locales y Productividad inclusiva, desde 2000. Miembro de las Academias Nacionales de Ciencias Econ&oacute;micas y de Educaci&oacute;n, de la Academia Pontificia de Ciencias Sociales y del Consejo Presidencial Argentina 2030. Fue secretario de Programaci&oacute;n Econ&oacute;mica de la Naci&oacute;n (1991-1996) y Ministro de Educaci&oacute;n de la Naci&oacute;n (1999-2000).</p>','','2018-05-14 18:37:14','2018-05-14 18:37:14',43,NULL,'http://iae.lyncros.com/images/image-1526323034.jpg-thumb.jpg'),(69,'Javier Zamora','Profesor IESE Business School| España','http://iae.lyncros.com/images/image-1526323101.jpg','<p>Profesor Asociado del Departamento de Sistemas de Informaci&oacute;n y Director Acad&eacute;mico del Encuentro Sectorial de ICT &amp; Digital Media en el IESE, as&iacute; como del Mobile Thinking Days, un programa conjunto con la Mobile World Capital Barcelona. Sus actuales &aacute;reas de inter&eacute;s se centran en el Big Data, el Internet de las Cosas y su impacto en la transformaci&oacute;n digital.</p>','','2018-05-14 18:38:21','2018-05-14 18:50:12',43,NULL,'http://iae.lyncros.com/images/image-1526323101.jpg-thumb.jpg'),(70,'Anna Rautvuori','First Secretary Deputy Head of Mission - Embajada de Finlandia| Finlandia','http://iae.lyncros.com/images/image-1526323570.jpg','<p>Primer secretario, vicejefe de misi&oacute;n, Embajada de Finlandia en Buenos Aires. Desk officer en las Direcciones de Cooperaci&oacute;n para el Desarrollo, de Europa y de Pol&iacute;tica en el Ministerio de Relaciones Exteriores de Finlandia. Desk officer en la Secci&oacute;n Cooperaci&oacute;n, Delegaci&oacute;n de la Uni&oacute;n Europea en Ecuador. Consultora exterior en temas de Cooperaci&oacute;n para el Ministerio de Relaciones Exteriores de Finlandia</p>','','2018-05-14 18:46:10','2018-05-14 18:46:10',43,NULL,'http://iae.lyncros.com/images/image-1526323570.jpg-thumb.jpg'),(71,'Andy Stalman','\"Mr Branding\"|España','http://iae.lyncros.com/images/image-1526324016.jpg','<p>Andy Stalman es uno de los m&aacute;s reconocidos expertos en Branding del mundo y ha sido considerado como &ldquo;Mr. Branding&rdquo; en varios pa&iacute;ses. Dirige desde Madrid uno de los equipos m&aacute;s reconocidos en su &aacute;mbito y lleva m&aacute;s de 100 proyectos de creaci&oacute;n o reposicionamiento de marcas en m&aacute;s de 20 pa&iacute;ses. Es autor de los best-sellers &ldquo;Brandoffon. El Branding del futuro&rdquo;, considerado uno de los libros m&aacute;s influyentes del siglo XXI y &ldquo;HumanOffOn. &iquest;Est&aacute; internet cambi&aacute;ndonos como seres humanos?&rdquo;. Como un experto en marcas con m&aacute;s de 25 a&ntilde;os de experiencia, ha desarrollado proyectos para sectores tan variados como el transporte, retail, turismo, gran consumo, servicios, y entretenimiento. Es Director del &ldquo;Master BrandOffOn&rdquo;, profesor invitado en prestigiosas Escuelas de Negocio y uno de los creativos argentinos m&aacute;s destacados en Espa&ntilde;a.</p>','','2018-05-14 18:53:36','2018-05-14 18:53:36',43,NULL,'http://iae.lyncros.com/images/image-1526324016.jpg-thumb.jpg'),(72,'Nathalie Stevens','Fundación Los colores| Argentina','http://iae.lyncros.com/images/image-1526324481.jpg','<p>&quot;A los 51 a&ntilde;os soy una amante de la vida, los amigos y la vida al aire libre! Hija de madre francesa y padre belga, me educaron en el Liceo Franc&eacute;s Jean Mermoz. Luego estudi&eacute; Relaciones P&uacute;blicas en la UADE. Trabaje m&aacute;s de 20 a&ntilde;os en multinacionales de la industria cosm&eacute;tica en diferentes posiciones en el &aacute;rea de Marketing en los Grupos Coty, L Oreal Paris, Estee Lauder Companies y Revlon entre otros. Del 2002 al 2009, lance y trabaje en la marca Magnolia Buenos Aires, junto a 2 socios En el 2015, hice una prueba piloto para ense&ntilde;ar en Oficio de Maquillaje Profesional a Mujeres en contextos vulnerables y eso se transform&oacute; en lo que hoy es La Fundaci&oacute;n de los Colores. Y por &uacute;ltimo, soy una convencida que la pasi&oacute;n abre todas las puertas.&quot;</p>','','2018-05-14 19:01:21','2018-05-14 19:01:21',43,NULL,'http://iae.lyncros.com/images/image-1526324481.jpg-thumb.jpg'),(73,'Verónica Barbera','Fundación Los colores','http://iae.lyncros.com/images/image-1526324823.jpg','<p>&ldquo;Tengo 44 a&ntilde;os, soy casada, con una hija divina, un compa&ntilde;ero que me apoya y acompa&ntilde;a en todo. &iexcl;Esta es mi familia la base de mi felicidad! Nac&iacute; y viv&iacute; en Isla del Ibicuy en Entre R&iacute;os, hasta los 7 a&ntilde;os. Me mude a Buenos Aires, termine mis estudios secundarios, trabaje desde ese momento como empleada dom&eacute;stica. En el 2015 acced&iacute; a un curso de maquilladora profesional, en el cual me recib&iacute; como tal. Luego fui capacitadora, actualmente hace un a&ntilde;o y 7 meses soy coordinadora de capacitaci&oacute;n de la Fundaci&oacute;n de los colores. Actualmente dictamos en 22 Localidades, estoy a cargo de los grupos, y del departamento d Capacitaci&oacute;n&rdquo;</p>','','2018-05-14 19:07:03','2018-05-14 19:07:03',43,NULL,'http://iae.lyncros.com/images/image-1526324823.jpg-thumb.jpg'),(74,'Mauricio Macri','Presidente de la Nación Argentina|Argentina (*Sujeto a agenda)','http://iae.lyncros.com/images/image-1526325362.jpg',NULL,'','2018-05-14 19:16:02','2018-05-14 19:16:02',43,NULL,'http://iae.lyncros.com/images/image-1526325362.jpg-thumb.jpg'),(75,'Facundo Arana','Actor - Músico | Argentina','http://iae.lyncros.com/images/image-1528317107.jpg','<p>&iquest;A cuantos se nos ocurre trepar el Everest? &iquest;Y despu&eacute;s de haber casi muerto en un primer intento?</p><p>Reflexionaremos junto al actor y m&uacute;sico, apasionado por el escalamiento,&nbsp;sobre la motivaci&oacute;n, inspiraci&oacute;n, empe&ntilde;o y otras cualidades imprescindibles para volver a encarar desaf&iacute;os que parecen irracionales.</p>','','2018-06-06 20:31:47','2018-06-06 20:41:23',43,NULL,'http://iae.lyncros.com/images/image-1528317107.jpg-thumb.jpg'),(76,'Agustín Creevy','Jugador de Rugby | Argentina','http://iae.lyncros.com/images/image-1528317146.jpg','<p>&iquest;A cu&aacute;ntos se les ocurre salir a jugar un partido que en 100 a&ntilde;os nunca el equipo argentino hab&iacute;a podido ni ara&ntilde;ar un triunfo?</p><p>Reflexionaremos junto al capit&aacute;n de la selecci&oacute;n argentina de rugby&nbsp;sobre la motivaci&oacute;n, inspiraci&oacute;n, empe&ntilde;o y otras cualidades imprescindibles para volver a encarar desaf&iacute;os que parecen irracionales.</p>','','2018-06-06 20:32:26','2018-06-06 20:42:42',43,NULL,'http://iae.lyncros.com/images/image-1528317146.jpg-thumb.jpg'),(77,'Rodolfo Q. Rivarola','Decano IAE Business School','http://iae.lyncros.com/images/image-1529347232.jpg',NULL,'','2018-06-18 18:38:11','2018-06-18 18:40:32',43,NULL,'http://iae.lyncros.com/images/image-1529347232.jpg-thumb.jpg'),(78,'Héctor Pourtalé','Alumni IAE, MBA 2013','http://iae.lyncros.com/images/image-1529430539.jpg',NULL,'','2018-06-18 19:14:49','2018-06-19 17:48:59',43,NULL,'http://iae.lyncros.com/images/image-1529430539.jpg-thumb.jpg'),(79,'Juan de la Cruz Fernández Miranda','Empresario Pyme. Ex Jugador de los Pumas','http://iae.lyncros.com/images/image-1530901666.jpg','<p>Ex jugador de rugby y entrenador de Hind&uacute; Club, varias veces campe&oacute;n del Torneo de la URBA y del Nacional de Clubes.</p>','','2018-07-06 18:27:46','2018-07-06 18:27:46',47,NULL,'http://iae.lyncros.com/images/image-1530901666.jpg-thumb.jpg'),(80,'Pablo Taussig','Consultant at Spencer Stuart and Human Resources Consultant','http://iae.lyncros.com/images/image-1530901699.jpg',NULL,'','2018-07-06 18:28:19','2018-07-06 18:28:19',47,NULL,'http://iae.lyncros.com/images/image-1530901699.jpg-thumb.jpg'),(81,'Ruben Figueiredo','Profesor del área de Comportamiento humano en el IAE Business School.','http://iae.lyncros.com/images/image-1530901730.jpg',NULL,'','2018-07-06 18:28:50','2018-07-06 18:28:50',47,NULL,'http://iae.lyncros.com/images/image-1530901730.jpg-thumb.jpg');

--
-- Table structure for table `expositor_idioma`
--

CREATE TABLE `expositor_idioma` (
  `id_expositor` int(10) unsigned NOT NULL,
  `id_idioma` int(10) unsigned NOT NULL,
  `nombre` longtext COLLATE utf8mb4_unicode_ci NOT NULL,
  `ocupacion` text COLLATE utf8mb4_unicode_ci,
  `biografia` longtext COLLATE utf8mb4_unicode_ci,
  `created_at` timestamp NULL DEFAULT NULL,
  `updated_at` timestamp NULL DEFAULT NULL,
  PRIMARY KEY (`id_expositor`,`id_idioma`)
) ENGINE=InnoDB DEFAULT CHARSET=utf8mb4 COLLATE=utf8mb4_unicode_ci;

--
-- Dumping data for table `expositor_idioma`
--

INSERT INTO `expositor_idioma` VALUES (62,1,'Fernando Fossati','Fundador Acumen',NULL,'2018-03-02 01:12:37','2018-03-02 01:12:37'),(63,1,'Anita Rios','Directora General Creativa @ Walter Thomson',NULL,'2018-03-01 22:26:18','2018-03-01 22:26:18'),(64,1,'Antonio nieto','Filósofo',NULL,'2018-04-06 18:36:02','2018-04-06 18:36:02'),(65,1,'Ernesto Ruete Güemes','Director de Alumni',NULL,'2018-03-27 21:01:29','2018-03-27 21:01:29'),(66,1,'Barbara Kellerman','Harvard Kennedy School| Estados Unidos','<p>Profesora y Directora Ejecutiva fundadora del Centro de Liderazgo P&uacute;blico en Harvard Kennedy School. Estuvo a cargo de c&aacute;tedras en varias universidades como Fordham, Tufts, Fairleigh Dickinson, George Washington, etc. Fue decana de la escuela de posgrados e investigaciones de Fairleigh Dickinson y Directora del Centro de Estudios de Liderazgo de la Universidad de Maryland. Kellerman es graduada en estudios rusos y europeos por Sarah Lawrence College, con un Master en Filosof&iacute;a y un PhD en Ciencias Pol&iacute;ticas de la Universidad de Yale. Autora de varios libros y conferencista, dio charlas en distintos pa&iacute;ses alrededor del mundo: Berl&iacute;n, Londres, Mosc&uacute;, Roma, Sao Paolo, Shanghai, Z&uacute;rich, St. Gallen, Jerusal&eacute;n, Turin, Toronto, Montreal, Mumbai, Nueva Delhi, &Aacute;msterdam, Kioto, M&uacute;nich, Beijing, S&iacute;dney, y Buenos Aires.</p>','2018-05-14 18:49:50','2018-05-14 18:49:50'),(67,1,'Stefan Voss','Director del Instituto de Sistemas de Información en la Universidad de Hamburgo|Alemania','<p>Profesor y director del Instituto de Sistemas de Informaci&oacute;n de la Universidad de Hamburgo. Desde 1995 a 2002 fue profesor y Director del Departamento de Administraci&oacute;n de Empresas y Sistemas de la Universidad Tecnol&oacute;gica de Braunschweig (Alemania). Stefen es graduado en Matem&aacute;tica y Econom&iacute;a por la Universidad de Hamburgo y PhD en Tecnolog&iacute;a por la Universidad Tecnol&oacute;gica de Darmstadt. Actualmente sus investigaciones se centran en los enfoques de sistemas de informaci&oacute;n cuantitativa, supply chain y log&iacute;stica, incluyendo los transportes p&uacute;blicos y las telecomunicaciones. Es autor de varios libros, papers y art&iacute;culos, conferencista y consultor de distintas empresas.</p>','2018-05-14 18:27:17','2018-05-14 18:27:17'),(68,1,'Juan Llach','Profesor emérito IAE Business School|Argentina','<p>Profesor em&eacute;rito del IAE-Universidad Austral. All&iacute; dirige el GESE (Centro de Estudios de Gobierno, Empresa, Sociedad y Econom&iacute;a), el Programa de Gobierno para el Desarrollo de L&iacute;deres de Comunidades Locales y los proyectos Equidad educativa, Federalismo, Poderes globales, poderes locales y Productividad inclusiva, desde 2000. Miembro de las Academias Nacionales de Ciencias Econ&oacute;micas y de Educaci&oacute;n, de la Academia Pontificia de Ciencias Sociales y del Consejo Presidencial Argentina 2030. Fue secretario de Programaci&oacute;n Econ&oacute;mica de la Naci&oacute;n (1991-1996) y Ministro de Educaci&oacute;n de la Naci&oacute;n (1999-2000).</p>','2018-05-14 18:37:14','2018-05-14 18:37:14'),(69,1,'Javier Zamora','Profesor IESE Business School| España','<p>Profesor Asociado del Departamento de Sistemas de Informaci&oacute;n y Director Acad&eacute;mico del Encuentro Sectorial de ICT &amp; Digital Media en el IESE, as&iacute; como del Mobile Thinking Days, un programa conjunto con la Mobile World Capital Barcelona. Sus actuales &aacute;reas de inter&eacute;s se centran en el Big Data, el Internet de las Cosas y su impacto en la transformaci&oacute;n digital.</p>','2018-05-14 18:50:12','2018-05-14 18:50:12'),(70,1,'Anna Rautvuori','First Secretary Deputy Head of Mission - Embajada de Finlandia| Finlandia','<p>Primer secretario, vicejefe de misi&oacute;n, Embajada de Finlandia en Buenos Aires. Desk officer en las Direcciones de Cooperaci&oacute;n para el Desarrollo, de Europa y de Pol&iacute;tica en el Ministerio de Relaciones Exteriores de Finlandia. Desk officer en la Secci&oacute;n Cooperaci&oacute;n, Delegaci&oacute;n de la Uni&oacute;n Europea en Ecuador. Consultora exterior en temas de Cooperaci&oacute;n para el Ministerio de Relaciones Exteriores de Finlandia</p>','2018-05-14 18:46:10','2018-05-14 18:46:10'),(71,1,'Andy Stalman','\"Mr Branding\"|España','<p>Andy Stalman es uno de los m&aacute;s reconocidos expertos en Branding del mundo y ha sido considerado como &ldquo;Mr. Branding&rdquo; en varios pa&iacute;ses. Dirige desde Madrid uno de los equipos m&aacute;s reconocidos en su &aacute;mbito y lleva m&aacute;s de 100 proyectos de creaci&oacute;n o reposicionamiento de marcas en m&aacute;s de 20 pa&iacute;ses. Es autor de los best-sellers &ldquo;Brandoffon. El Branding del futuro&rdquo;, considerado uno de los libros m&aacute;s influyentes del siglo XXI y &ldquo;HumanOffOn. &iquest;Est&aacute; internet cambi&aacute;ndonos como seres humanos?&rdquo;. Como un experto en marcas con m&aacute;s de 25 a&ntilde;os de experiencia, ha desarrollado proyectos para sectores tan variados como el transporte, retail, turismo, gran consumo, servicios, y entretenimiento. Es Director del &ldquo;Master BrandOffOn&rdquo;, profesor invitado en prestigiosas Escuelas de Negocio y uno de los creativos argentinos m&aacute;s destacados en Espa&ntilde;a.</p>','2018-05-14 18:53:36','2018-05-14 18:53:36'),(72,1,'Nathalie Stevens','Fundación Los colores| Argentina','<p>&quot;A los 51 a&ntilde;os soy una amante de la vida, los amigos y la vida al aire libre! Hija de madre francesa y padre belga, me educaron en el Liceo Franc&eacute;s Jean Mermoz. Luego estudi&eacute; Relaciones P&uacute;blicas en la UADE. Trabaje m&aacute;s de 20 a&ntilde;os en multinacionales de la industria cosm&eacute;tica en diferentes posiciones en el &aacute;rea de Marketing en los Grupos Coty, L Oreal Paris, Estee Lauder Companies y Revlon entre otros. Del 2002 al 2009, lance y trabaje en la marca Magnolia Buenos Aires, junto a 2 socios En el 2015, hice una prueba piloto para ense&ntilde;ar en Oficio de Maquillaje Profesional a Mujeres en contextos vulnerables y eso se transform&oacute; en lo que hoy es La Fundaci&oacute;n de los Colores. Y por &uacute;ltimo, soy una convencida que la pasi&oacute;n abre todas las puertas.&quot;</p>','2018-05-14 19:01:21','2018-05-14 19:01:21'),(73,1,'Verónica Barbera','Fundación Los colores','<p>&ldquo;Tengo 44 a&ntilde;os, soy casada, con una hija divina, un compa&ntilde;ero que me apoya y acompa&ntilde;a en todo. &iexcl;Esta es mi familia la base de mi felicidad! Nac&iacute; y viv&iacute; en Isla del Ibicuy en Entre R&iacute;os, hasta los 7 a&ntilde;os. Me mude a Buenos Aires, termine mis estudios secundarios, trabaje desde ese momento como empleada dom&eacute;stica. En el 2015 acced&iacute; a un curso de maquilladora profesional, en el cual me recib&iacute; como tal. Luego fui capacitadora, actualmente hace un a&ntilde;o y 7 meses soy coordinadora de capacitaci&oacute;n de la Fundaci&oacute;n de los colores. Actualmente dictamos en 22 Localidades, estoy a cargo de los grupos, y del departamento d Capacitaci&oacute;n&rdquo;</p>','2018-05-14 19:07:03','2018-05-14 19:07:03'),(74,1,'Mauricio Macri','Presidente de la Nación Argentina|Argentina (*Sujeto a agenda)',NULL,'2018-05-14 19:16:02','2018-05-14 19:16:02'),(75,1,'Facundo Arana','Actor - Músico | Argentina','<p>&iquest;A cuantos se nos ocurre trepar el Everest? &iquest;Y despu&eacute;s de haber casi muerto en un primer intento?</p><p>Reflexionaremos junto al actor y m&uacute;sico, apasionado por el escalamiento,&nbsp;sobre la motivaci&oacute;n, inspiraci&oacute;n, empe&ntilde;o y otras cualidades imprescindibles para volver a encarar desaf&iacute;os que parecen irracionales.</p>','2018-06-06 20:41:23','2018-06-06 20:41:23'),(76,1,'Agustín Creevy','Jugador de Rugby | Argentina','<p>&iquest;A cu&aacute;ntos se les ocurre salir a jugar un partido que en 100 a&ntilde;os nunca el equipo argentino hab&iacute;a podido ni ara&ntilde;ar un triunfo?</p><p>Reflexionaremos junto al capit&aacute;n de la selecci&oacute;n argentina de rugby&nbsp;sobre la motivaci&oacute;n, inspiraci&oacute;n, empe&ntilde;o y otras cualidades imprescindibles para volver a encarar desaf&iacute;os que parecen irracionales.</p>','2018-06-06 20:42:42','2018-06-06 20:42:42'),(77,1,'Rodolfo Q. Rivarola','Decano IAE Business School',NULL,'2018-06-18 18:40:32','2018-06-18 18:40:32'),(78,1,'Héctor Pourtalé','Alumni IAE, MBA 2013',NULL,'2018-06-19 17:48:59','2018-06-19 17:48:59'),(79,1,'Juan de la Cruz Fernández Miranda','Empresario Pyme. Ex Jugador de los Pumas','<p>Ex jugador de rugby y entrenador de Hind&uacute; Club, varias veces campe&oacute;n del Torneo de la URBA y del Nacional de Clubes.</p>','2018-07-06 18:27:46','2018-07-06 18:27:46'),(80,1,'Pablo Taussig','Consultant at Spencer Stuart and Human Resources Consultant',NULL,'2018-07-06 18:28:19','2018-07-06 18:28:19'),(81,1,'Ruben Figueiredo','Profesor del área de Comportamiento humano en el IAE Business School.',NULL,'2018-07-06 18:28:50','2018-07-06 18:28:50');

--
-- Table structure for table `galeria`
--

CREATE TABLE `galeria` (
  `id` int(10) unsigned NOT NULL AUTO_INCREMENT,
  `tipo` int(11) NOT NULL,
  `link` text COLLATE utf8mb4_unicode_ci NOT NULL,
  `id_user` int(10) unsigned NOT NULL,
  `id_evento` int(10) unsigned NOT NULL,
  `created_at` timestamp NULL DEFAULT NULL,
  `updated_at` timestamp NULL DEFAULT NULL,
  `thumbnail` text COLLATE utf8mb4_unicode_ci,
  PRIMARY KEY (`id`),
  KEY `galeria_id_user_foreign` (`id_user`),
  KEY `galeria_id_evento_foreign` (`id_evento`),
  CONSTRAINT `galeria_id_evento_foreign` FOREIGN KEY (`id_evento`) REFERENCES `eventos` (`id`),
  CONSTRAINT `galeria_id_user_foreign` FOREIGN KEY (`id_user`) REFERENCES `users` (`id`)
) ENGINE=InnoDB AUTO_INCREMENT=196 DEFAULT CHARSET=utf8mb4 COLLATE=utf8mb4_unicode_ci;

--
-- Dumping data for table `galeria`
--

INSERT INTO `galeria` VALUES (148,0,'http://iae.lyncros.com/images/image-1521202498.jpg',532,39,'2018-03-16 12:14:58','2018-03-16 12:14:58','http://iae.lyncros.com/images/image-1521202498.jpg-thumb.jpg'),(149,0,'http://iae.lyncros.com/images/image-1530290967.jpg',540,43,'2018-06-29 16:49:28','2018-06-29 16:49:28','http://iae.lyncros.com/images/image-1530290967.jpg-thumb.jpg'),(150,0,'http://iae.lyncros.com/images/image-1530291009.jpg',540,43,'2018-06-29 16:50:10','2018-06-29 16:50:10','http://iae.lyncros.com/images/image-1530291009.jpg-thumb.jpg'),(151,0,'http://iae.lyncros.com/images/image-1530293110.jpg',14295,43,'2018-06-29 17:25:11','2018-06-29 17:25:11','http://iae.lyncros.com/images/image-1530293110.jpg-thumb.jpg'),(152,0,'http://iae.lyncros.com/images/image-1530293258.jpg',540,43,'2018-06-29 17:27:39','2018-06-29 17:27:39','http://iae.lyncros.com/images/image-1530293258.jpg-thumb.jpg'),(153,0,'http://iae.lyncros.com/images/image-1530476473.jpg',536,43,'2018-07-01 20:21:13','2018-07-01 20:21:13','http://iae.lyncros.com/images/image-1530476473.jpg-thumb.jpg'),(154,0,'http://iae.lyncros.com/images/image-1530561783.jpg',534,43,'2018-07-02 20:03:04','2018-07-02 20:03:04','http://iae.lyncros.com/images/image-1530561783.jpg-thumb.jpg'),(155,0,'http://iae.lyncros.com/images/image-1530561836.jpg',534,43,'2018-07-02 20:03:57','2018-07-02 20:03:57','http://iae.lyncros.com/images/image-1530561836.jpg-thumb.jpg'),(156,0,'http://iae.lyncros.com/images/image-1530561903.jpg',534,43,'2018-07-02 20:05:03','2018-07-02 20:05:03','http://iae.lyncros.com/images/image-1530561903.jpg-thumb.jpg'),(157,0,'http://iae.lyncros.com/images/image-1530561920.jpg',534,43,'2018-07-02 20:05:21','2018-07-02 20:05:21','http://iae.lyncros.com/images/image-1530561920.jpg-thumb.jpg'),(159,0,'http://iae.lyncros.com/images/image-1530562025.jpg',534,43,'2018-07-02 20:07:06','2018-07-02 20:07:06','http://iae.lyncros.com/images/image-1530562025.jpg-thumb.jpg'),(161,0,'http://iae.lyncros.com/images/image-1530562084.jpg',534,43,'2018-07-02 20:08:05','2018-07-02 20:08:05','http://iae.lyncros.com/images/image-1530562084.jpg-thumb.jpg'),(162,0,'http://iae.lyncros.com/images/image-1530562101.jpg',534,43,'2018-07-02 20:08:21','2018-07-02 20:08:21','http://iae.lyncros.com/images/image-1530562101.jpg-thumb.jpg'),(163,0,'http://iae.lyncros.com/images/image-1530562118.jpg',534,43,'2018-07-02 20:08:39','2018-07-02 20:08:39','http://iae.lyncros.com/images/image-1530562118.jpg-thumb.jpg'),(164,0,'http://iae.lyncros.com/images/image-1530562154.jpg',534,43,'2018-07-02 20:09:14','2018-07-02 20:09:14','http://iae.lyncros.com/images/image-1530562154.jpg-thumb.jpg'),(165,0,'http://iae.lyncros.com/images/image-1530562167.jpg',534,43,'2018-07-02 20:09:28','2018-07-02 20:09:28','http://iae.lyncros.com/images/image-1530562167.jpg-thumb.jpg'),(166,0,'http://iae.lyncros.com/images/image-1530562253.jpg',534,43,'2018-07-02 20:10:54','2018-07-02 20:10:54','http://iae.lyncros.com/images/image-1530562253.jpg-thumb.jpg'),(167,0,'http://iae.lyncros.com/images/image-1530562277.jpg',534,43,'2018-07-02 20:11:18','2018-07-02 20:11:18','http://iae.lyncros.com/images/image-1530562277.jpg-thumb.jpg'),(168,0,'http://iae.lyncros.com/images/image-1530562315.jpg',534,43,'2018-07-02 20:11:56','2018-07-02 20:11:56','http://iae.lyncros.com/images/image-1530562315.jpg-thumb.jpg'),(169,0,'http://iae.lyncros.com/images/image-1530562338.jpg',534,43,'2018-07-02 20:12:19','2018-07-02 20:12:19','http://iae.lyncros.com/images/image-1530562338.jpg-thumb.jpg'),(170,0,'http://iae.lyncros.com/images/image-1530562512.jpg',534,43,'2018-07-02 20:15:12','2018-07-02 20:15:12','http://iae.lyncros.com/images/image-1530562512.jpg-thumb.jpg'),(171,0,'http://iae.lyncros.com/images/image-1530570923.jpg',534,43,'2018-07-02 22:35:23','2018-07-02 22:35:23','http://iae.lyncros.com/images/image-1530570923.jpg-thumb.jpg'),(172,0,'http://iae.lyncros.com/images/image-1530570961.jpg',534,43,'2018-07-02 22:36:02','2018-07-02 22:36:02','http://iae.lyncros.com/images/image-1530570961.jpg-thumb.jpg'),(173,0,'http://iae.lyncros.com/images/image-1530571039.jpg',534,43,'2018-07-02 22:37:19','2018-07-02 22:37:19','http://iae.lyncros.com/images/image-1530571039.jpg-thumb.jpg'),(174,0,'http://iae.lyncros.com/images/image-1530571682.jpg',534,43,'2018-07-02 22:48:02','2018-07-02 22:48:02','http://iae.lyncros.com/images/image-1530571682.jpg-thumb.jpg'),(175,0,'http://iae.lyncros.com/images/image-1530571781.jpg',534,43,'2018-07-02 22:49:42','2018-07-02 22:49:42','http://iae.lyncros.com/images/image-1530571781.jpg-thumb.jpg'),(178,0,'http://iae.lyncros.com/images/image-1530626139.jpg',534,43,'2018-07-03 13:55:40','2018-07-03 13:55:40','http://iae.lyncros.com/images/image-1530626139.jpg-thumb.jpg'),(179,0,'http://iae.lyncros.com/images/image-1530628171.jpg',534,43,'2018-07-03 14:29:32','2018-07-03 14:29:32','http://iae.lyncros.com/images/image-1530628171.jpg-thumb.jpg'),(180,0,'http://iae.lyncros.com/images/image-1530628222.jpg',534,43,'2018-07-03 14:30:23','2018-07-03 14:30:23','http://iae.lyncros.com/images/image-1530628222.jpg-thumb.jpg'),(181,0,'http://iae.lyncros.com/images/image-1530628437.jpg',534,43,'2018-07-03 14:33:58','2018-07-03 14:33:58','http://iae.lyncros.com/images/image-1530628437.jpg-thumb.jpg'),(182,0,'http://iae.lyncros.com/images/image-1530628452.jpg',534,43,'2018-07-03 14:34:12','2018-07-03 14:34:12','http://iae.lyncros.com/images/image-1530628452.jpg-thumb.jpg'),(183,0,'http://iae.lyncros.com/images/image-1530628480.jpg',534,43,'2018-07-03 14:34:40','2018-07-03 14:34:40','http://iae.lyncros.com/images/image-1530628480.jpg-thumb.jpg'),(184,0,'http://iae.lyncros.com/images/image-1530628501.jpg',534,43,'2018-07-03 14:35:02','2018-07-03 14:35:02','http://iae.lyncros.com/images/image-1530628501.jpg-thumb.jpg'),(185,0,'http://iae.lyncros.com/images/image-1530628522.jpg',534,43,'2018-07-03 14:35:23','2018-07-03 14:35:23','http://iae.lyncros.com/images/image-1530628522.jpg-thumb.jpg'),(186,0,'http://iae.lyncros.com/images/image-1530628549.jpg',534,43,'2018-07-03 14:35:49','2018-07-03 14:35:49','http://iae.lyncros.com/images/image-1530628549.jpg-thumb.jpg'),(187,0,'http://iae.lyncros.com/images/image-1530628571.jpg',534,43,'2018-07-03 14:36:11','2018-07-03 14:36:11','http://iae.lyncros.com/images/image-1530628571.jpg-thumb.jpg'),(189,0,'http://iae.lyncros.com/images/image-1530628636.jpg',534,43,'2018-07-03 14:37:16','2018-07-03 14:37:16','http://iae.lyncros.com/images/image-1530628636.jpg-thumb.jpg'),(190,0,'http://iae.lyncros.com/images/image-1530628687.jpg',534,43,'2018-07-03 14:38:08','2018-07-03 14:38:08','http://iae.lyncros.com/images/image-1530628687.jpg-thumb.jpg'),(191,0,'http://iae.lyncros.com/images/image-1530628724.jpg',534,43,'2018-07-03 14:38:45','2018-07-03 14:38:45','http://iae.lyncros.com/images/image-1530628724.jpg-thumb.jpg'),(192,0,'http://iae.lyncros.com/images/image-1530628757.jpg',534,43,'2018-07-03 14:39:18','2018-07-03 14:39:18','http://iae.lyncros.com/images/image-1530628757.jpg-thumb.jpg'),(193,0,'http://iae.lyncros.com/images/image-1530628818.jpg',534,43,'2018-07-03 14:40:19','2018-07-03 14:40:19','http://iae.lyncros.com/images/image-1530628818.jpg-thumb.jpg'),(194,0,'http://iae.lyncros.com/images/image-1530629358.jpg',534,43,'2018-07-03 14:49:19','2018-07-03 14:49:19','http://iae.lyncros.com/images/image-1530629358.jpg-thumb.jpg'),(195,0,'http://iae.lyncros.com/images/image-1530630157.jpg',534,43,'2018-07-03 15:02:38','2018-07-03 15:02:38','http://iae.lyncros.com/images/image-1530630157.jpg-thumb.jpg');

--
